y + 221*y, 5*y = z - 6853. What is the tens digit of z?
3
Let i(q) = -q**2 - 72*q + 37. What is the tens digit of i(-70)?
7
Let f = -71 - -71. Suppose 3*u + 2*r - 1034 = f, 3*u - 2*r - 1010 = 2*r. What is the tens digit of u?
4
Let c be 13/52 + 62/8. Let y be (36/c)/((-4)/(-8)). Suppose -m - 5*q = -y, -3*q + 51 = 5*m - 2*m. What is the units digit of m?
9
Suppose -194*j - 9 = -197*j. Let l(f) = 129*f**2 - 73*f + 4. What is the hundreds digit of l(j)?
9
Let s(z) = 1 + 64*z**2 - 63*z**2 + 8*z + 9*z - 3*z. Suppose -4*l - 24 = -5*u - 3*l, -12 = 3*l. What is the tens digit of s(u)?
7
Let q(x) = 64*x**3 + 2*x**2 - x. Let h be q(1). Let m = -43 + h. Suppose -105 = 19*f - m*f. What is the units digit of f?
5
Suppose 63*r - 69*r = -144. Let o = 2 + 4. Let m = r - o. What is the units digit of m?
8
Let v be (-54)/(-2)*(-50 + 51). Suppose 41*n = v*n + 19544. What is the units digit of n?
6
Let j(m) = -10 - 1 + 2 + 12*m - m**2. Let t be j(11). Let a(n) = -n**3 + 4*n**2 + 2*n - 2. What is the units digit of a(t)?
0
Let h = -682 + 6507. What is the units digit of h?
5
What is the ten thousands digit of (-10 + 9 + 0)*(3 + -4) + 66703?
6
Suppose 2*c = -4*x - 40 - 178, -3*x - 156 = 4*c. Let s(t) = -t**3 + 12*t**2 - 6*t - 4. Let r be s(10). Let f = x + r. What is the tens digit of f?
8
Let v = 32353 - 14589. What is the ten thousands digit of v?
1
Suppose 454840 = -37*b - 12*b + 69*b. What is the ten thousands digit of b?
2
Suppose -j = -2, -p + 0*j = -2*j - 1. Suppose -p*t = -2*n - 1775, -111 = -t + 3*n + 244. What is the units digit of t?
5
Suppose 19459 = f + 5*t, -4*f + 5*t + 11549 = -66262. What is the tens digit of f?
5
Let i(h) = -2 + 3*h + 72*h**2 - 2 - 87*h**2 + h. Let j be i(1). Let w(k) = -k**3 - 16*k**2 - 22*k + 19. What is the hundreds digit of w(j)?
1
Suppose 137*o - 115*o = 119878. What is the hundreds digit of o?
4
Let b = 8682 - 6558. What is the units digit of b?
4
Suppose -147*q + 460204 = -940175 + 259218. What is the tens digit of q?
6
Let a(j) = j + 51. Let q be a(-24). Suppose 0 = -s + 159 + q. Let c = -12 + s. What is the hundreds digit of c?
1
Let x be (0 + -1)*(-2 - -3) - 111. Let f = x + 403. Suppose 5*j + f = 4*g, -2*j = -5*g - 4 + 355. What is the tens digit of g?
6
Let c = -101 - -89. Let g be 1 - ((-5)/((-20)/c) - 27). What is the units digit of 2/3 - g/(-3)?
1
Suppose -6*c - 456 = 6*c. Let f = -36 - c. Suppose f*g - 180 = -62. What is the units digit of g?
9
Let b(z) = -223*z + 7. Let v be b(4). Let g = v - -1749. Suppose 3*p - g = -6*p. What is the units digit of p?
6
Suppose 2846 = 12*f - 8*f - 2*b, 4*f + b = 2837. Suppose -1522 = -6*m + f. What is the units digit of m?
2
Let n(p) = -2*p**2 - 46*p - 39. Let f be n(-22). Suppose -4*b + 3730 = f*s, -3*s - b + 6*b = -2275. What is the tens digit of s?
5
Suppose 44*i - 90*i + 295512 = -42*i. What is the ten thousands digit of i?
7
Let a be (52/(-18))/13 + 32836/18. Suppose -2*w - 2*w - 2*o = -a, 0 = -2*o + 8. What is the tens digit of w?
5
Suppose -w = -c - 80511, 3*w - 156106 = -4*c + 85364. What is the tens digit of w?
0
Let g(c) = 41*c**2 - 61*c - 5819. What is the ten thousands digit of g(-45)?
7
Let c = 344 - 326. Let r(z) = 48*z - 127. What is the units digit of r(c)?
7
Let s(m) = -m**2 - 25*m + 30. Let z be s(-26). Suppose -4*o - z*x + 6488 = -0*x, -4*x = -3*o + 4894. What is the units digit of o?
6
Suppose -3*l = -0 - 6. Suppose -5*k - w = 3*w - 28, -3*w - l = -2*k. Suppose 0*p - 3*p + 288 = k*h, h + p - 72 = 0. What is the tens digit of h?
7
Let a = -92 + 89. What is the units digit of (a/(-2))/(87/7192)?
4
Let b(u) be the third derivative of 11*u**6/90 - u**5/20 + u**4/12 - 2*u**3 - u**2. Let v(g) be the first derivative of b(g). What is the units digit of v(2)?
6
Suppose 8*d + 4*i + 27 = 9*d, -4*i - 12 = 0. Suppose d*a - 5418 = 1857. What is the tens digit of a?
8
Suppose 0 = 12*r - 76665 - 240951. What is the units digit of r?
8
Let l(j) = -7*j + 7*j + j**2 - 6 + 2*j - 7*j. Let s be l(6). Suppose 7*o + 221 - 578 = s. What is the units digit of o?
1
Let c be (-1)/2 - (-2345)/10 - 1. Let w = 273 - c. What is the tens digit of w?
4
Let v = 1751 - -6497. What is the thousands digit of v?
8
Suppose -5*f - c - 3*c = -9762, 0 = f - c - 1947. Suppose -7*b - f = -12*b. What is the hundreds digit of b?
3
Let c(w) = 3*w**2 + 29*w - 5. Let f be c(-10). Suppose -234 = -f*v + v + 2*r, -189 = -3*v - 3*r. Suppose -2*t = -7*t + v. What is the tens digit of t?
1
Suppose 0 = -83*t - 210216 + 391250 + 417728. What is the hundreds digit of t?
2
What is the tens digit of -3 + (3 + 231/21)*20716/14?
1
Let t be 1 - (23 - 8)/(0 + -1). Let b(f) = f**3 - 11*f**2 - 25*f + 43. What is the hundreds digit of b(t)?
9
Let r = 8 - -16. Suppose -17*q = -8*q + 9. What is the tens digit of q/(-2) + 780/r?
3
Let m(j) = -4*j - 50. Let v be m(-14). Suppose 12*c - 14202 = -v*c. What is the hundreds digit of c?
7
Let j(q) = 4*q**2 - 25*q + 87. Let l be j(17). Let u = l + 91. What is the units digit of u?
9
Let g = -73003 - -107327. What is the units digit of g?
4
Let v = -75245 - -111399. What is the hundreds digit of v?
1
Let q be 10/20*(0 - 0) + 3. Suppose q*o + 904 = 5*o. What is the units digit of o?
2
Suppose -3*o = -y - 223, 0 = y - 0 - 2. Let p = 50 - o. Let q = 113 + p. What is the units digit of q?
8
What is the thousands digit of (-567)/(-324) - (-23)/(-12) - (-57037)/6?
9
Let m = -1483 - -2773. What is the units digit of (m/(-75))/(2/(-5))?
3
Suppose -17*l + 3923 = 81. Let f = l + 67. What is the hundreds digit of f?
2
Suppose -5*n = -0*n - 5*l, 0 = 5*n + l - 12. Let o be n - (1439 + -4)*2. What is the hundreds digit of ((-4)/18)/1 + o/(-27)?
1
Suppose -5*s + 30 = 4*g, 24 = 4*s + 7*g - 8*g. What is the hundreds digit of (-21)/63 + 2804/s?
4
What is the hundreds digit of (-4959138)/(-306)*(-1 - -4)?
6
Let x(c) = -c**3 + 37*c**2 - 24*c + 43. Let w = -41 + 77. What is the hundreds digit of x(w)?
4
Let f be (3/21)/(-1) - (-920)/70. Let y(h) = 5*h - 4. Let t be y(3). Suppose f*m - 102 = t*m. What is the units digit of m?
1
Let r be (2 - 0/(-1)) + (8 - 5). Suppose -4*f = r*g - 199, -5*g + 44 + 53 = 2*f. Suppose -2*s - s = -f. What is the tens digit of s?
1
Suppose 0 = -4*g + 3*o + 2620 + 13426, 3*g - 3*o - 12030 = 0. What is the units digit of g?
6
Suppose 14*j - 24 = 4. What is the tens digit of (-687)/(-2)*7/21*j?
2
Suppose 4278 = 10*s - 2942. Let g = 1272 - s. What is the units digit of g?
0
Let n be (-1 - 4/(-7)) + 1829/217. What is the units digit of -1 - 3080/(-16)*n/10?
3
Suppose -9 = 3*l - 12. Let q be l/1*4 - 3. What is the tens digit of 3/q + 89 + 0?
9
Let j(q) = -2*q + 55. Let y be j(16). Let f(w) = -w**3 + 24*w**2 - 24*w - 49. Let c be f(y). Let b = 174 + c. What is the hundreds digit of b?
1
Suppose 3*k + 4*w + 1237 = 0, -2547 + 528 = 5*k - 4*w. Let n(g) = -98*g + 3. Let f be n(2). Let y = f - k. What is the units digit of y?
4
Let q(m) = 3*m**2 + 8*m + 19. Let s be q(18). Let b = s - 780. What is the hundreds digit of b?
3
Suppose 0 = -2*h - 4*w + 17104, -2*h - 3*w - 1546 = -18641. What is the units digit of h?
4
Let p(h) be the second derivative of -h**2 + 1/6*h**3 - 11*h + 3/4*h**4 + 0. What is the tens digit of p(-4)?
3
Let d(o) = o - 16. Let g be d(18). Suppose -4*f - 16 = g*n - 2*f, 5*f - 60 = 5*n. What is the tens digit of 300/8 - (-5)/n?
3
Let v be (1356/15 - 2/5)/1. Suppose 3*l + v = -45. Let u = l + 80. What is the tens digit of u?
3
Let g = 30333 + -21212. What is the tens digit of g?
2
Let z(m) = m**2 + 9*m - 5. Let a be z(-10). Suppose a*o = 0, 2*h - 342 = o + 368. Let v = h + -191. What is the units digit of v?
4
Let h be -1 + 2 - (-3)/((-15)/(-95)). Suppose 5*m - h = 5*z, 1 = 3*z - m + 11. What is the tens digit of z*256/(-6) + -1?
2
Suppose -o = 3, -6 = -n + 7*o - 6*o. Suppose 0 = -4*u + 12, 4*g - n*u - 134 = 21. What is the tens digit of g?
4
Let p = 29597 - 13485. What is the hundreds digit of p?
1
Let y = 138959 - 76887. What is the units digit of y?
2
Let y(w) = 9*w**2 + 19*w + 198. What is the tens digit of y(21)?
6
Let x be (0 - 1)*(9 + -4). Let v be 0/(-2) + 11 + -5 + x. What is the hundreds digit of (-2394)/(-15) + (v - (-3)/(-5))?
1
What is the hundreds digit of (-155)/30*8*((-139)/2 - 7)?
1
Let f(j) = -55*j - 77. Let q be f(-15). What is the tens digit of (-4 - 5